o. List the prime factors of o.
2, 7
Let y(b) = -b - 8. Suppose 0 = 3*h + 16 + 11. Let g be y(h). What are the prime factors of 158/10 - g/(-5)?
2
Suppose 1501 = p - d, 9*p - 4*p + 2*d = 7519. What are the prime factors of p?
3, 167
Suppose 0*q = -2*q - 2*h + 8, -q + h = 0. Suppose -q*u = -5*c + 23 + 233, -5*c + 5*u = -265. List the prime factors of c.
2, 5
Suppose o + 4*y = 3*o - 338, y - 4 = 0. Let h = 311 - o. What are the prime factors of h?
2, 67
Let d(u) = 3*u**2 - 3*u + 1. Let p(j) = 7*j + 38. Let g be p(-5). List the prime factors of d(g).
19
Let o be 199 - (-3 - -21)/(-6). What are the prime factors of -2 + 3 + o + (4 - 4)?
7, 29
Suppose -2*i + 14 = -h, 10*i - 5*i = h + 29. List the prime factors of (6 - -5) + (i - 3).
13
Suppose -b - 2*u + 8 = 0, 0 = 2*b - 4*u + 8 - 0. Suppose 0 = -t - b*t. Suppose t = a - 2*v - 21, -a = -6*a + 2*v + 129. List the prime factors of a.
3
Suppose -3*h - 2*h = -5*u - 160, -3*u + 78 = 3*h. Let r = h - -19. List the prime factors of r.
2, 3
Let a = -26 + 31. Suppose 0 = 2*x - 8, v = 2*v - a*x - 35. What are the prime factors of v?
5, 11
Let z(c) = c**3 + 4*c**2 - 5*c. Let y be z(3). Suppose -2*d - 2*k = -0*k - y, 5*k + 48 = 3*d. List the prime factors of ((-10)/(-3))/(2/d).
5, 7
Suppose 0 = 5*s - 4*p - 0*p - 110, -22 = -s + 3*p. Suppose 3*h - c = 19, -3*h + 2*c + s = -2*c. Let z(u) = 2*u - 3. What are the prime factors of z(h)?
3
Suppose 2*p = x + 70, 2*p - 92 = -x - 18. Suppose -40*y = -p*y - 672. What are the prime factors of y?
2, 3, 7
Suppose 55*w = 77565 - 26415. List the prime factors of w.
2, 3, 5, 31
Let v(j) = j**2 + 3*j + 1. Let s be v(-3). List the prime factors of s*9*(3 - 1).
2, 3
Let f(w) = 18*w - 23. Let h be f(-10). Let z = -106 - h. List the prime factors of z.
97
Let w(l) = l**2 + 3*l. Let i(u) = u**2 + 5*u + 2. Let x be i(-2). Let b be w(x). Let m(j) = j**3 - 4*j**2 + 3*j - 5. What are the prime factors of m(b)?
7
Let j = -4 + 6. Suppose 0 = 4*u - 3*a - 476, -a + 25 = j*u - 213. Suppose -3*k - c + u = -0*k, 3*c + 99 = 3*k. List the prime factors of k.
2, 19
List the prime factors of 319/(-22)*(-4*18 - -2).
5, 7, 29
Let o(z) = 6*z + 27. Let j be o(7). Let u = 246 - j. What are the prime factors of u?
3, 59
Suppose -75854 = -411*h + 377*h. What are the prime factors of h?
23, 97
Let v(j) = 2*j - 24. Let z be v(14). What are the prime factors of 2738/12 - z/24?
2, 3, 19
Suppose 0 = a + 1. Let l(k) = -k**2 + 10*k + 2. Let f(x) = x - 1. Let r(c) = a*l(c) + 2*f(c). What are the prime factors of r(12)?
2, 11
Let x = 34 - 52. Suppose f - v + 53 = 0, 0 = f - 3*f - 2*v - 98. Let z = x - f. List the prime factors of z.
3, 11
Suppose 2*j = -d + 926, 3*d - 492 = j + 2321. List the prime factors of d.
2, 3, 13
Let q = 6 + -7. Let o = 19 - q. What are the prime factors of o?
2, 5
Let b(v) = v - 13. Let i be b(3). Suppose 4*h - 3*h + 66 = 0. Let p = i - h. What are the prime factors of p?
2, 7
Suppose 62481 = 27*m - 15657. List the prime factors of m.
2, 1447
Let o(v) = 6*v - 10. Let g(k) = -5*k + 11. Let q(w) = 4*g(w) + 3*o(w). Let b be q(6). Suppose -b*c + 48 = -44. What are the prime factors of c?
2, 23
Suppose 7*b = 15*b + 2112. Let a = -8 + 14. What are the prime factors of (a/(-4))/(12/b)?
3, 11
Let p(n) = n**2 + 6*n. Let g be p(-6). Let o(k) = k**2 + 10*k. Let z be o(-10). Suppose g = -5*a - z + 35. List the prime factors of a.
7
Let j = -26 + 44. Let o be (44/33)/(8/j). Suppose 5*h - 4*i - 10 = o*h, 2*i + 41 = 5*h. What are the prime factors of h?
3
Suppose 5*a = f - 2*f + 32, f - 20 = -3*a. List the prime factors of -14*3/a*-6.
2, 3, 7
Let j = -26 - -28. Suppose 5*p + 209 = j*w - 321, 0 = w + 2*p - 283. What are the prime factors of w?
5, 11
Suppose 3*r - 23 = 2*w + 9, 3*r - 6 = 0. Let q = w + 40. List the prime factors of q/5 - (-2)/(-5).
5
Let t(f) be the first derivative of -f**3/3 + 7*f**2/2 + 7*f - 140. Let l = 6 - -1. What are the prime factors of t(l)?
7
Let g = -109 - -113. Suppose g*u + 42 = 6*u. List the prime factors of u.
3, 7
Let j(m) = -12*m - 18. Let o = 5 - 26. What are the prime factors of j(o)?
2, 3, 13
Let o(s) be the third derivative of -s**6/120 - s**5/10 + s**4/6 - 7*s**3/6 + 2*s**2. Let h(w) = -3*w - 1. Let c be h(2). List the prime factors of o(c).
2, 7
Let h = -161 - -228. Suppose -f = -t - 3*t, 0 = t + 3*f. Suppose 1 = -y + 3*w - 0*w, t = 5*y + 3*w - h. What are the prime factors of y?
11
Let c(k) = -4*k**3 - 3*k**2 - 13*k - 4. List the prime factors of c(-4).
2
Suppose n + 644 = 5*n. List the prime factors of n.
7, 23
Let x(f) be the second derivative of f**3/6 - f**2/2 - 3*f. Let t be x(0). What are the prime factors of (3/3 - t) + 2?
2
Let n(x) = 8*x - 32. Let q be n(8). Let g = 53 + q. What are the prime factors of g?
5, 17
Let x = -6 + 13. Suppose 0 = 5*b - 2*b - 5*a - x, 5*a = b + 1. Suppose b*c + 4 = 0, d = -d + 3*c + 29. List the prime factors of d.
13
Suppose 17*c + 9*c - 6942 = 0. What are the prime factors of c?
3, 89
Let l = 11 - 6. Suppose 7*z = l*z + 64. Suppose -2*m + 0*m = -z. List the prime factors of m.
2
Suppose 0 = -2*k + m + 324, -2*m + 233 = 4*k - 423. Suppose 3*b + 4*l + 51 - k = 0, -2*b - 3*l + 73 = 0. What are the prime factors of b?
2, 11
Let d(x) = x**3 + 19*x**2 - 18*x + 47. What are the prime factors of d(-19)?
389
Let a(c) be the third derivative of c**5/10 + c**4/8 + c**3/6 + 64*c**2. Let i(v) = v**2 - 3*v. Let x be i(2). What are the prime factors of a(x)?
19
Suppose 2*a = 8551 - 3395. List the prime factors of a.
2, 1289
What are the prime factors of (3/(24/116))/((-1)/(-38))?
19, 29
List the prime factors of (-1508)/(-8) + 7/(-14).
2, 47
Let w = -20 - -50. Let v = -20 + w. Suppose 3*p = p + v, -5*p = 3*a - 88. What are the prime factors of a?
3, 7
Let i = 19 + -25. Let k = i - -12. List the prime factors of (-146)/(-3) + (-4)/k.
2, 3
Suppose 16*d + 4128 - 14560 = 0. What are the prime factors of d?
2, 163
Suppose 0 = -5*j - 4*n + 1056, -5*j + 3*j - 5*n + 436 = 0. Let w = j - 113. What are the prime factors of w?
5, 19
Let i = 690 + -345. List the prime factors of i.
3, 5, 23
Let r(v) = -915*v - 5. What are the prime factors of r(-1)?
2, 5, 7, 13
Let a = 12 + -1. Suppose y - 5*u - 41 = 0, -5*y = 2*u + a - 135. Suppose -3*w + 115 = -y. What are the prime factors of w?
47
Suppose -5*i + 21 = l - 10*i, i = -3. Let d(m) = m**2 - 5*m - 5. Let f be d(l). Let q = f - -5. What are the prime factors of q?
2, 3
Suppose 16028 = 22*u - 17852. What are the prime factors of u?
2, 5, 7, 11
Suppose -3*a = 3*a - 18. Suppose 1 = -x + a. What are the prime factors of x?
2
Suppose 3*x + 602 = -79. Let h = 403 + x. Suppose -14 = -5*u + h. What are the prime factors of u?
2, 19
Let q be (-3 - (-2 - 5)) + -4. Suppose 2*h - 8 = 0, -h + q*h = -4*g + 288. List the prime factors of g.
73
Let m be (6/9)/((-6)/(-45)). Let r(v) = 5*v**2 - 3*v + 4. What are the prime factors of r(m)?
2, 3, 19
Let m(g) = 62*g + 15. Suppose -5*d - 2*t + 24 = -2*d, -d + 8 = t. Let r be m(d). Suppose -196 = 5*o - r. What are the prime factors of o?
3, 7
Suppose 3*u + o - 71 = 1, -3*o = u - 32. Suppose m - u = -0*m. List the prime factors of m.
23
Let c = 924 + -752. List the prime factors of c.
2, 43
Let n = 1 + 18. Let a = 26 - n. List the prime factors of (a/(14/(-102)))/(-1).
3, 17
Suppose 0*b = -3*b + 2*x + 6941, 0 = 5*b + 4*x - 11605. What are the prime factors of b?
7, 331
Let x(g) = -4*g**2 + 16*g + 12. Let b be x(9). List the prime factors of ((-2)/4)/(((-68)/b)/(-17)).
3, 7
Let m(o) be the second derivative of -o**4/6 + o**3/3 - o**2/2 + 4*o. Let i be m(2). What are the prime factors of (2 + i)*34/(-6)?
17
Let a(j) = j**3 + 2*j**2 - 8*j + 17. Let p be a(5). Let t = p + 134. What are the prime factors of t?
2, 11, 13
Suppose 0 = 5*a - 25, -2*a - 145 = 5*v - 4*a. Suppose -5*y + 295 = -5*i, 4*y - 207 - 13 = -4*i. Let n = y + v. What are the prime factors of n?
2, 3, 5
Suppose 56*z - 777 = 5047. List the prime factors of z.
2, 13
Suppose 3*h - 2 + 32 = g, 4*h = 5*g - 128. Let k = g - 50. Let x = -12 - k. List the prime factors of x.
2, 7
Let q = -2461 + 3668. What are the prime factors of q?
17, 71
Let r = -121 - -26. Let p = -55 - r. Let l = 89 - p. What are the prime factors of l?
7
Let m(v) = -v**3 + 3*v - 1. Suppose 0 = -2*i - 2*r + 10, -5*r - 7 = -i + 2*i. Suppose o = -3*h